{"id":452,"date":"2022-03-03T04:49:17","date_gmt":"2022-03-03T04:49:17","guid":{"rendered":"https:\/\/tec.citius.usc.es\/ainformaticaeavida\/about\/"},"modified":"2024-02-16T15:59:28","modified_gmt":"2024-02-16T14:59:28","slug":"about","status":"publish","type":"page","link":"https:\/\/tec.citius.usc.es\/ainformaticaeavida\/about\/","title":{"rendered":"Colaboraci\u00f3ns"},"content":{"rendered":"\t\t<div data-elementor-type=\"wp-page\" data-elementor-id=\"452\" class=\"elementor elementor-452\">\n\t\t\t\t<div class=\"elementor-element elementor-element-0388bd8 e-flex e-con-boxed e-con e-parent\" data-id=\"0388bd8\" data-element_type=\"container\" data-e-type=\"container\">\n\t\t\t\t\t<div class=\"e-con-inner\">\n\t\t<div class=\"elementor-element elementor-element-606242e e-con-full e-flex e-con e-child\" data-id=\"606242e\" data-element_type=\"container\" data-e-type=\"container\">\n\t\t\t\t<div class=\"elementor-element elementor-element-734c9e2 elementor-widget elementor-widget-heading\" data-id=\"734c9e2\" data-element_type=\"widget\" data-e-type=\"widget\" data-widget_type=\"heading.default\">\n\t\t\t\t<div class=\"elementor-widget-container\">\n\t\t\t\t\t<h6 class=\"elementor-heading-title elementor-size-default\">Co\u00f1\u00e9cenos!<\/h6>\t\t\t\t<\/div>\n\t\t\t\t<\/div>\n\t\t\t\t<div class=\"elementor-element elementor-element-1693100 elementor-widget elementor-widget-heading\" data-id=\"1693100\" data-element_type=\"widget\" data-e-type=\"widget\" data-widget_type=\"heading.default\">\n\t\t\t\t<div class=\"elementor-widget-container\">\n\t\t\t\t\t<h2 class=\"elementor-heading-title elementor-size-default\">Colaboraci\u00f3ns<\/h2>\t\t\t\t<\/div>\n\t\t\t\t<\/div>\n\t\t<div class=\"elementor-element elementor-element-76b9113 e-con-full e-flex e-con e-child\" data-id=\"76b9113\" data-element_type=\"container\" data-e-type=\"container\">\n\t\t<div class=\"elementor-element elementor-element-36eea26 e-flex e-con-boxed e-con e-child\" data-id=\"36eea26\" data-element_type=\"container\" data-e-type=\"container\" data-settings=\"{&quot;background_background&quot;:&quot;classic&quot;}\">\n\t\t\t\t\t<div class=\"e-con-inner\">\n\t\t<div class=\"elementor-element elementor-element-13cfd8a e-con-full e-flex e-con e-child\" data-id=\"13cfd8a\" data-element_type=\"container\" data-e-type=\"container\">\n\t\t\t\t<div class=\"elementor-element elementor-element-840aad4 elementor-widget elementor-widget-image\" data-id=\"840aad4\" data-element_type=\"widget\" data-e-type=\"widget\" data-widget_type=\"image.default\">\n\t\t\t\t<div class=\"elementor-widget-container\">\n\t\t\t\t\t\t\t\t\t\t\t\t\t\t\t<img fetchpriority=\"high\" decoding=\"async\" width=\"1834\" height=\"2560\" src=\"https:\/\/tec.citius.usc.es\/ainformaticaeavida\/wp-content\/uploads\/2024\/02\/20-Eva-Cernadas-05-scaled.jpg\" class=\"attachment-full size-full wp-image-1642\" alt=\"\" srcset=\"https:\/\/tec.citius.usc.es\/ainformaticaeavida\/wp-content\/uploads\/2024\/02\/20-Eva-Cernadas-05-scaled.jpg 1834w, https:\/\/tec.citius.usc.es\/ainformaticaeavida\/wp-content\/uploads\/2024\/02\/20-Eva-Cernadas-05-215x300.jpg 215w, https:\/\/tec.citius.usc.es\/ainformaticaeavida\/wp-content\/uploads\/2024\/02\/20-Eva-Cernadas-05-734x1024.jpg 734w, https:\/\/tec.citius.usc.es\/ainformaticaeavida\/wp-content\/uploads\/2024\/02\/20-Eva-Cernadas-05-768x1072.jpg 768w, https:\/\/tec.citius.usc.es\/ainformaticaeavida\/wp-content\/uploads\/2024\/02\/20-Eva-Cernadas-05-1100x1536.jpg 1100w, https:\/\/tec.citius.usc.es\/ainformaticaeavida\/wp-content\/uploads\/2024\/02\/20-Eva-Cernadas-05-1467x2048.jpg 1467w\" sizes=\"(max-width: 1834px) 100vw, 1834px\" \/>\t\t\t\t\t\t\t\t\t\t\t\t\t\t\t<\/div>\n\t\t\t\t<\/div>\n\t\t\t\t<\/div>\n\t\t<div class=\"elementor-element elementor-element-ce9e14b e-con-full e-flex e-con e-child\" data-id=\"ce9e14b\" data-element_type=\"container\" data-e-type=\"container\">\n\t\t\t\t<div class=\"elementor-element elementor-element-6d72de0 elementor-widget elementor-widget-testimonial\" data-id=\"6d72de0\" data-element_type=\"widget\" data-e-type=\"widget\" data-widget_type=\"testimonial.default\">\n\t\t\t\t<div class=\"elementor-widget-container\">\n\t\t\t\t\t\t\t<div class=\"elementor-testimonial-wrapper\">\n\t\t\t\t\t\t\t<div class=\"elementor-testimonial-content\"><span style=\"font-size: 18px;font-weight: 600\">Eva Cernadas Garc\u00eda<\/span><\/div>\n\t\t\t\n\t\t\t\t\t<\/div>\n\t\t\t\t\t\t<\/div>\n\t\t\t\t<\/div>\n\t\t\t\t<div class=\"elementor-element elementor-element-db0278e elementor-widget__width-initial elementor-widget elementor-widget-text-editor\" data-id=\"db0278e\" data-element_type=\"widget\" data-e-type=\"widget\" data-widget_type=\"text-editor.default\">\n\t\t\t\t<div class=\"elementor-widget-container\">\n\t\t\t\t\t\t\t\t\t<p style=\"-webkit-font-smoothing: antialiased; -webkit-tap-highlight-color: rgba(255, 255, 255, 0); font-style: normal; font-variant-numeric: inherit; font-variant-east-asian: inherit; font-variant-alternates: inherit; font-variant-position: inherit; font-stretch: inherit; font-size: 1.125rem; line-height: 1.5; font-family: Manrope, sans-serif; font-optical-sizing: inherit; font-kerning: inherit; font-feature-settings: inherit; font-variation-settings: inherit; margin-bottom: 0px; color: #1f1f1f;\">Directora e dese\u00f1adora do proxecto.<\/p>\n<p style=\"-webkit-font-smoothing: antialiased; -webkit-tap-highlight-color: rgba(255, 255, 255, 0); font-style: normal; font-variant-numeric: inherit; font-variant-east-asian: inherit; font-variant-alternates: inherit; font-variant-position: inherit; font-stretch: inherit; font-size: 1.125rem; line-height: 1.5; font-family: Manrope, sans-serif; font-optical-sizing: inherit; font-kerning: inherit; font-feature-settings: inherit; font-variation-settings: inherit; margin-bottom: 0px; color: #1f1f1f;\">Profesora de inform\u00e1tica e intelixencia artificial, Investigadora no Centro de Investigaci\u00f3n en Tecnolox\u00edas Intelixentes (CiTIUS) e integrante do Centro de Investigaci\u00f3n Feminista e de Estudos de X\u00e9nero (CIFEX) na Universidade de Santiago de Compostela. Investiga no dese\u00f1o de novas t\u00e9cnicas de visi\u00f3n por ordenador e aprendizaxe autom\u00e1tica e crea programas para facilitar o traballo de investigaci\u00f3n no \u00e1mbito de medicina e biolox\u00eda.<\/p>\n<p style=\"-webkit-font-smoothing: antialiased; -webkit-tap-highlight-color: rgba(255, 255, 255, 0); font-style: normal; font-variant-numeric: inherit; font-variant-east-asian: inherit; font-variant-alternates: inherit; font-variant-position: inherit; font-stretch: inherit; font-size: 1.125rem; line-height: 1.5; font-family: Manrope, sans-serif; font-optical-sizing: inherit; font-kerning: inherit; font-feature-settings: inherit; font-variation-settings: inherit; margin-bottom: 0px; color: #1f1f1f;\">Descubre m\u00e1is sobre Eva Cernadas&nbsp;<a href=\"https:\/\/citius.gal\/es\/team\/eva-cernadas-garcia\/\" target=\"_blank\">aqu\u00ed<\/a>.<\/p>\t\t\t\t\t\t\t\t<\/div>\n\t\t\t\t<\/div>\n\t\t\t\t<\/div>\n\t\t\t\t\t<\/div>\n\t\t\t\t<\/div>\n\t\t\t\t<\/div>\n\t\t<div class=\"elementor-element elementor-element-f8efbb3 e-flex e-con-boxed e-con e-child\" data-id=\"f8efbb3\" data-element_type=\"container\" data-e-type=\"container\">\n\t\t\t\t\t<div class=\"e-con-inner\">\n\t\t<div class=\"elementor-element elementor-element-37cda5b e-con-full e-flex e-con e-child\" data-id=\"37cda5b\" data-element_type=\"container\" data-e-type=\"container\">\n\t\t\t\t<div class=\"elementor-element elementor-element-9b51b6a elementor-position-top elementor-widget elementor-widget-image-box\" data-id=\"9b51b6a\" data-element_type=\"widget\" data-e-type=\"widget\" data-widget_type=\"image-box.default\">\n\t\t\t\t<div class=\"elementor-widget-container\">\n\t\t\t\t\t<div class=\"elementor-image-box-wrapper\"><figure class=\"elementor-image-box-img\"><img decoding=\"async\" width=\"600\" height=\"569\" src=\"https:\/\/tec.citius.usc.es\/ainformaticaeavida\/wp-content\/uploads\/2024\/02\/RosarioPetit.jpg\" class=\"attachment-full size-full wp-image-1862\" alt=\"\" srcset=\"https:\/\/tec.citius.usc.es\/ainformaticaeavida\/wp-content\/uploads\/2024\/02\/RosarioPetit.jpg 600w, https:\/\/tec.citius.usc.es\/ainformaticaeavida\/wp-content\/uploads\/2024\/02\/RosarioPetit-300x285.jpg 300w\" sizes=\"(max-width: 600px) 100vw, 600px\" \/><\/figure><div class=\"elementor-image-box-content\"><div class=\"elementor-image-box-title\">Rosario Dom\u00ednguez Petit<\/div><p class=\"elementor-image-box-description\">Investigadora do Instituto Espa\u00f1ol de Oceanograf\u00eda de Vigo, pola realizaci\u00f3n do v\u00eddeo de introduci\u00f3n \u00e1 xesti\u00f3n de recursos pesqueiros e c\u00e1lculo da fecundidade.<\/p><\/div><\/div>\t\t\t\t<\/div>\n\t\t\t\t<\/div>\n\t\t\t\t<\/div>\n\t\t<div class=\"elementor-element elementor-element-253419c e-con-full e-flex e-con e-child\" data-id=\"253419c\" data-element_type=\"container\" data-e-type=\"container\">\n\t\t\t\t<div class=\"elementor-element elementor-element-730de8f elementor-position-top elementor-widget elementor-widget-image-box\" data-id=\"730de8f\" data-element_type=\"widget\" data-e-type=\"widget\" data-widget_type=\"image-box.default\">\n\t\t\t\t<div class=\"elementor-widget-container\">\n\t\t\t\t\t<div class=\"elementor-image-box-wrapper\"><figure class=\"elementor-image-box-img\"><img decoding=\"async\" width=\"958\" height=\"958\" src=\"https:\/\/tec.citius.usc.es\/ainformaticaeavida\/wp-content\/uploads\/2024\/02\/FotoAdrianCordido2-1.jpg\" class=\"attachment-full size-full wp-image-1869\" alt=\"\" srcset=\"https:\/\/tec.citius.usc.es\/ainformaticaeavida\/wp-content\/uploads\/2024\/02\/FotoAdrianCordido2-1.jpg 958w, https:\/\/tec.citius.usc.es\/ainformaticaeavida\/wp-content\/uploads\/2024\/02\/FotoAdrianCordido2-1-300x300.jpg 300w, https:\/\/tec.citius.usc.es\/ainformaticaeavida\/wp-content\/uploads\/2024\/02\/FotoAdrianCordido2-1-150x150.jpg 150w, https:\/\/tec.citius.usc.es\/ainformaticaeavida\/wp-content\/uploads\/2024\/02\/FotoAdrianCordido2-1-768x768.jpg 768w\" sizes=\"(max-width: 958px) 100vw, 958px\" \/><\/figure><div class=\"elementor-image-box-content\"><div class=\"elementor-image-box-title\">Adri\u00e1n Cordido<\/div><p class=\"elementor-image-box-description\">Investigador na Escola de Medicina da Universidade de Yale en EUA, pola realizaci\u00f3n do v\u00eddeo sobre enfermidades xen\u00e9ticas e explicar os m\u00e9todos de investigaci\u00f3n no \u00e1mbito da biolox\u00eda molecular.<\/p><\/div><\/div>\t\t\t\t<\/div>\n\t\t\t\t<\/div>\n\t\t\t\t<\/div>\n\t\t<div class=\"elementor-element elementor-element-50a1004 e-con-full e-flex e-con e-child\" data-id=\"50a1004\" data-element_type=\"container\" data-e-type=\"container\">\n\t\t\t\t<div class=\"elementor-element elementor-element-a860e46 elementor-position-top elementor-widget elementor-widget-image-box\" data-id=\"a860e46\" data-element_type=\"widget\" data-e-type=\"widget\" data-widget_type=\"image-box.default\">\n\t\t\t\t<div class=\"elementor-widget-container\">\n\t\t\t\t\t<div class=\"elementor-image-box-wrapper\"><figure class=\"elementor-image-box-img\"><img loading=\"lazy\" decoding=\"async\" width=\"1500\" height=\"1500\" src=\"https:\/\/tec.citius.usc.es\/ainformaticaeavida\/wp-content\/uploads\/2024\/02\/19a_Manuel_Fernandez_Delgado_6a94ad83fb.webp\" class=\"attachment-full size-full wp-image-1654\" alt=\"\" srcset=\"https:\/\/tec.citius.usc.es\/ainformaticaeavida\/wp-content\/uploads\/2024\/02\/19a_Manuel_Fernandez_Delgado_6a94ad83fb.webp 1500w, https:\/\/tec.citius.usc.es\/ainformaticaeavida\/wp-content\/uploads\/2024\/02\/19a_Manuel_Fernandez_Delgado_6a94ad83fb-300x300.webp 300w, https:\/\/tec.citius.usc.es\/ainformaticaeavida\/wp-content\/uploads\/2024\/02\/19a_Manuel_Fernandez_Delgado_6a94ad83fb-1024x1024.webp 1024w, https:\/\/tec.citius.usc.es\/ainformaticaeavida\/wp-content\/uploads\/2024\/02\/19a_Manuel_Fernandez_Delgado_6a94ad83fb-150x150.webp 150w, https:\/\/tec.citius.usc.es\/ainformaticaeavida\/wp-content\/uploads\/2024\/02\/19a_Manuel_Fernandez_Delgado_6a94ad83fb-768x768.webp 768w\" sizes=\"(max-width: 1500px) 100vw, 1500px\" \/><\/figure><div class=\"elementor-image-box-content\"><div class=\"elementor-image-box-title\">Manuel Fern\u00e1ndez Delgado<\/div><p class=\"elementor-image-box-description\">Investigador vinculado do CiTIUS, pola s\u00faa colaboraci\u00f3n na actividade 10: 'Que \u00e9 a intelixencia artificial?'.<\/p><\/div><\/div>\t\t\t\t<\/div>\n\t\t\t\t<\/div>\n\t\t\t\t<\/div>\n\t\t\t\t\t<\/div>\n\t\t\t\t<\/div>\n\t\t<div class=\"elementor-element elementor-element-d56e63f e-flex e-con-boxed e-con e-child\" data-id=\"d56e63f\" data-element_type=\"container\" data-e-type=\"container\">\n\t\t\t\t\t<div class=\"e-con-inner\">\n\t\t<div class=\"elementor-element elementor-element-74f55e7 e-con-full e-flex e-con e-child\" data-id=\"74f55e7\" data-element_type=\"container\" data-e-type=\"container\">\n\t\t\t\t<div class=\"elementor-element elementor-element-09806e5 elementor-position-top elementor-widget elementor-widget-image-box\" data-id=\"09806e5\" data-element_type=\"widget\" data-e-type=\"widget\" data-widget_type=\"image-box.default\">\n\t\t\t\t<div class=\"elementor-widget-container\">\n\t\t\t\t\t<div class=\"elementor-image-box-wrapper\"><figure class=\"elementor-image-box-img\"><img loading=\"lazy\" decoding=\"async\" width=\"2560\" height=\"2560\" src=\"https:\/\/tec.citius.usc.es\/ainformaticaeavida\/wp-content\/uploads\/2024\/02\/Andres-Ruiz-11-scaled.jpg\" class=\"attachment-full size-full wp-image-1656\" alt=\"\" srcset=\"https:\/\/tec.citius.usc.es\/ainformaticaeavida\/wp-content\/uploads\/2024\/02\/Andres-Ruiz-11-scaled.jpg 2560w, https:\/\/tec.citius.usc.es\/ainformaticaeavida\/wp-content\/uploads\/2024\/02\/Andres-Ruiz-11-300x300.jpg 300w, https:\/\/tec.citius.usc.es\/ainformaticaeavida\/wp-content\/uploads\/2024\/02\/Andres-Ruiz-11-1024x1024.jpg 1024w, https:\/\/tec.citius.usc.es\/ainformaticaeavida\/wp-content\/uploads\/2024\/02\/Andres-Ruiz-11-150x150.jpg 150w, https:\/\/tec.citius.usc.es\/ainformaticaeavida\/wp-content\/uploads\/2024\/02\/Andres-Ruiz-11-768x768.jpg 768w, https:\/\/tec.citius.usc.es\/ainformaticaeavida\/wp-content\/uploads\/2024\/02\/Andres-Ruiz-11-1536x1536.jpg 1536w, https:\/\/tec.citius.usc.es\/ainformaticaeavida\/wp-content\/uploads\/2024\/02\/Andres-Ruiz-11-2048x2048.jpg 2048w\" sizes=\"(max-width: 2560px) 100vw, 2560px\" \/><\/figure><div class=\"elementor-image-box-content\"><div class=\"elementor-image-box-title\">Andr\u00e9s Ru\u00edz Hiebra<\/div><p class=\"elementor-image-box-description\">Responsable da \u00e1rea de comunicaci\u00f3n e prensa do CiTIUS, polas fotos do material proporcionado.<\/p><\/div><\/div>\t\t\t\t<\/div>\n\t\t\t\t<\/div>\n\t\t\t\t<\/div>\n\t\t<div class=\"elementor-element elementor-element-183ba93 e-con-full e-flex e-con e-child\" data-id=\"183ba93\" data-element_type=\"container\" data-e-type=\"container\">\n\t\t\t\t<div class=\"elementor-element elementor-element-557ff32 elementor-position-top elementor-widget elementor-widget-image-box\" data-id=\"557ff32\" data-element_type=\"widget\" data-e-type=\"widget\" data-widget_type=\"image-box.default\">\n\t\t\t\t<div class=\"elementor-widget-container\">\n\t\t\t\t\t<div class=\"elementor-image-box-wrapper\"><figure class=\"elementor-image-box-img\"><img loading=\"lazy\" decoding=\"async\" width=\"1500\" height=\"1500\" src=\"https:\/\/tec.citius.usc.es\/ainformaticaeavida\/wp-content\/uploads\/2024\/02\/SandraBlanco-temp.jpg\" class=\"attachment-full size-full wp-image-1878\" alt=\"\" srcset=\"https:\/\/tec.citius.usc.es\/ainformaticaeavida\/wp-content\/uploads\/2024\/02\/SandraBlanco-temp.jpg 1500w, https:\/\/tec.citius.usc.es\/ainformaticaeavida\/wp-content\/uploads\/2024\/02\/SandraBlanco-temp-300x300.jpg 300w, https:\/\/tec.citius.usc.es\/ainformaticaeavida\/wp-content\/uploads\/2024\/02\/SandraBlanco-temp-1024x1024.jpg 1024w, https:\/\/tec.citius.usc.es\/ainformaticaeavida\/wp-content\/uploads\/2024\/02\/SandraBlanco-temp-150x150.jpg 150w, https:\/\/tec.citius.usc.es\/ainformaticaeavida\/wp-content\/uploads\/2024\/02\/SandraBlanco-temp-768x768.jpg 768w\" sizes=\"(max-width: 1500px) 100vw, 1500px\" \/><\/figure><div class=\"elementor-image-box-content\"><div class=\"elementor-image-box-title\">Sandra Blanco V\u00e1zquez<\/div><p class=\"elementor-image-box-description\">Persoal da \u00e1rea de comunicaci\u00f3n e prensa do CiTIUS, polo dese\u00f1o e construci\u00f3n desta p\u00e1xina web.<\/p><\/div><\/div>\t\t\t\t<\/div>\n\t\t\t\t<\/div>\n\t\t\t\t<\/div>\n\t\t<div class=\"elementor-element elementor-element-275094b e-con-full e-flex e-con e-child\" data-id=\"275094b\" data-element_type=\"container\" data-e-type=\"container\">\n\t\t\t\t<div class=\"elementor-element elementor-element-e4db579 elementor-position-top elementor-widget elementor-widget-image-box\" data-id=\"e4db579\" data-element_type=\"widget\" data-e-type=\"widget\" data-widget_type=\"image-box.default\">\n\t\t\t\t<div class=\"elementor-widget-container\">\n\t\t\t\t\t<div class=\"elementor-image-box-wrapper\"><figure class=\"elementor-image-box-img\"><img loading=\"lazy\" decoding=\"async\" width=\"1500\" height=\"1500\" src=\"https:\/\/tec.citius.usc.es\/ainformaticaeavida\/wp-content\/uploads\/2024\/02\/NoeliaGallego-temp.png\" class=\"attachment-full size-full wp-image-1879\" alt=\"\" srcset=\"https:\/\/tec.citius.usc.es\/ainformaticaeavida\/wp-content\/uploads\/2024\/02\/NoeliaGallego-temp.png 1500w, https:\/\/tec.citius.usc.es\/ainformaticaeavida\/wp-content\/uploads\/2024\/02\/NoeliaGallego-temp-300x300.png 300w, https:\/\/tec.citius.usc.es\/ainformaticaeavida\/wp-content\/uploads\/2024\/02\/NoeliaGallego-temp-1024x1024.png 1024w, https:\/\/tec.citius.usc.es\/ainformaticaeavida\/wp-content\/uploads\/2024\/02\/NoeliaGallego-temp-150x150.png 150w, https:\/\/tec.citius.usc.es\/ainformaticaeavida\/wp-content\/uploads\/2024\/02\/NoeliaGallego-temp-768x768.png 768w\" sizes=\"(max-width: 1500px) 100vw, 1500px\" \/><\/figure><div class=\"elementor-image-box-content\"><div class=\"elementor-image-box-title\">Noelia Gallego Campos<\/div><p class=\"elementor-image-box-description\">Persoal da \u00e1rea de comunicaci\u00f3n e prensa do CiTIUS, polo dese\u00f1o e construci\u00f3n desta p\u00e1xina web.<\/p><\/div><\/div>\t\t\t\t<\/div>\n\t\t\t\t<\/div>\n\t\t\t\t<\/div>\n\t\t\t\t\t<\/div>\n\t\t\t\t<\/div>\n\t\t\t\t<\/div>\n\t\t\t\t\t<\/div>\n\t\t\t\t<\/div>\n\t\t\t\t<\/div>\n\t\t","protected":false},"excerpt":{"rendered":"<p>Co\u00f1\u00e9cenos! Colaboraci\u00f3ns Eva Cernadas Garc\u00eda Directora e dese\u00f1adora do proxecto. Profesora de inform\u00e1tica e intelixencia artificial, Investigadora no Centro de Investigaci\u00f3n en Tecnolox\u00edas Intelixentes (CiTIUS) e integrante do Centro de Investigaci\u00f3n Feminista e de Estudos de X\u00e9nero (CIFEX) na Universidade de Santiago de Compostela. Investiga no dese\u00f1o de novas t\u00e9cnicas de visi\u00f3n por ordenador e [&hellip;]<\/p>\n","protected":false},"author":1,"featured_media":0,"parent":0,"menu_order":0,"comment_status":"closed","ping_status":"closed","template":"","meta":{"_uag_custom_page_level_css":"","site-sidebar-layout":"no-sidebar","site-content-layout":"page-builder","ast-site-content-layout":"full-width-container","site-content-style":"unboxed","site-sidebar-style":"unboxed","ast-global-header-display":"","ast-banner-title-visibility":"","ast-main-header-display":"","ast-hfb-above-header-display":"","ast-hfb-below-header-display":"","ast-hfb-mobile-header-display":"","site-post-title":"disabled","ast-breadcrumbs-content":"","ast-featured-img":"disabled","footer-sml-layout":"","theme-transparent-header-meta":"enabled","adv-header-id-meta":"","stick-header-meta":"","header-above-stick-meta":"","header-main-stick-meta":"","header-below-stick-meta":"","astra-migrate-meta-layouts":"set","ast-page-background-enabled":"default","ast-page-background-meta":{"desktop":{"background-color":"var(--ast-global-color-4)","background-image":"","background-repeat":"repeat","background-position":"center center","background-size":"auto","background-attachment":"scroll","background-type":"","background-media":"","overlay-type":"","overlay-color":"","overlay-gradient":""},"tablet":{"background-color":"","background-image":"","background-repeat":"repeat","background-position":"center center","background-size":"auto","background-attachment":"scroll","background-type":"","background-media":"","overlay-type":"","overlay-color":"","overlay-gradient":""},"mobile":{"background-color":"","background-image":"","background-repeat":"repeat","background-position":"center center","background-size":"auto","background-attachment":"scroll","background-type":"","background-media":"","overlay-type":"","overlay-color":"","overlay-gradient":""}},"ast-content-background-meta":{"desktop":{"background-color":"var(--ast-global-color-5)","background-image":"","background-repeat":"repeat","background-position":"center center","background-size":"auto","background-attachment":"scroll","background-type":"","background-media":"","overlay-type":"","overlay-color":"","overlay-gradient":""},"tablet":{"background-color":"var(--ast-global-color-5)","background-image":"","background-repeat":"repeat","background-position":"center center","background-size":"auto","background-attachment":"scroll","background-type":"","background-media":"","overlay-type":"","overlay-color":"","overlay-gradient":""},"mobile":{"background-color":"var(--ast-global-color-5)","background-image":"","background-repeat":"repeat","background-position":"center center","background-size":"auto","background-attachment":"scroll","background-type":"","background-media":"","overlay-type":"","overlay-color":"","overlay-gradient":""}},"footnotes":""},"class_list":["post-452","page","type-page","status-publish","hentry"],"uagb_featured_image_src":{"full":false,"thumbnail":false,"medium":false,"medium_large":false,"large":false,"1536x1536":false,"2048x2048":false},"uagb_author_info":{"display_name":"ainformatica-admin","author_link":"https:\/\/tec.citius.usc.es\/ainformaticaeavida\/author\/ainformatica-admin\/"},"uagb_comment_info":0,"uagb_excerpt":"Co\u00f1\u00e9cenos! Colaboraci\u00f3ns Eva Cernadas Garc\u00eda Directora e dese\u00f1adora do proxecto. Profesora de inform\u00e1tica e intelixencia artificial, Investigadora no Centro de Investigaci\u00f3n en Tecnolox\u00edas Intelixentes (CiTIUS) e integrante do Centro de Investigaci\u00f3n Feminista e de Estudos de X\u00e9nero (CIFEX) na Universidade de Santiago de Compostela. Investiga no dese\u00f1o de novas t\u00e9cnicas de visi\u00f3n por ordenador e&hellip;","_links":{"self":[{"href":"https:\/\/tec.citius.usc.es\/ainformaticaeavida\/wp-json\/wp\/v2\/pages\/452","targetHints":{"allow":["GET"]}}],"collection":[{"href":"https:\/\/tec.citius.usc.es\/ainformaticaeavida\/wp-json\/wp\/v2\/pages"}],"about":[{"href":"https:\/\/tec.citius.usc.es\/ainformaticaeavida\/wp-json\/wp\/v2\/types\/page"}],"author":[{"embeddable":true,"href":"https:\/\/tec.citius.usc.es\/ainformaticaeavida\/wp-json\/wp\/v2\/users\/1"}],"replies":[{"embeddable":true,"href":"https:\/\/tec.citius.usc.es\/ainformaticaeavida\/wp-json\/wp\/v2\/comments?post=452"}],"version-history":[{"count":37,"href":"https:\/\/tec.citius.usc.es\/ainformaticaeavida\/wp-json\/wp\/v2\/pages\/452\/revisions"}],"predecessor-version":[{"id":2230,"href":"https:\/\/tec.citius.usc.es\/ainformaticaeavida\/wp-json\/wp\/v2\/pages\/452\/revisions\/2230"}],"wp:attachment":[{"href":"https:\/\/tec.citius.usc.es\/ainformaticaeavida\/wp-json\/wp\/v2\/media?parent=452"}],"curies":[{"name":"wp","href":"https:\/\/api.w.org\/{rel}","templated":true}]}}